q = 5 + 3. Let m = 7 - 0. Let l = m + 7. Calculate the remainder when l is divided by q.
6
Calculate the remainder when 13 is divided by 18/108 + 106/12.
4
Calculate the remainder when 76 + 4 - 35/7 is divided by 19.
18
Let i be (-23 - (-9)/(-3))*(0 - 1). Let w = -11 + i. Calculate the remainder when w is divided by (-11)/(-1) - (1 + 1).
6
Let q = 5 + -2. Suppose 31 = 3*m + 22. What is the remainder when q is divided by m?
0
Calculate the remainder when 66 is divided by 152/20 - (54/15 + -3).
3
What is the remainder when 16 is divided by (-4 - (-3)/(-3))*-1?
1
Suppose 4*q = -3*m + 3 - 4, 5*q - 1 = -3*m. Suppose 0 = -2*v - q*v + 12. Calculate the remainder when v is divided by 3.
0
Let v(l) = 15*l + 454. What is the remainder when 11 is divided by v(-30)?
3
Let m(c) = 6*c - 21. Let t(l) = 3*l - 10. Let h(w) = -4*m(w) + 9*t(w). Let j be h(13). Let o = j + -13. Calculate the remainder when 78 is divided by o.
18
Let z = -2 + -6. Let y = z - -12. Suppose 0 = -y*m - 2*u + 12 + 60, 3*u + 72 = 4*m. What is the remainder when m is divided by 7?
4
Suppose 2*z - 4*o - 52 = 0, 4*z + 16*o - 60 = 13*o. Calculate the remainder when z is divided by 1/2 - (-65)/10.
4
Let o(n) be the second derivative of 1/2*n**3 + 3*n**2 + 3*n + 0. What is the remainder when o(9) is divided by 9?
6
Suppose -2*x = d - 17, d + 5*x + 8 = 8*x. What is the remainder when 11 is divided by (-2 - (-100)/35)*d?
5
Let h = 1837 - 1136. Calculate the remainder when h is divided by 39.
38
Let t be (-1368)/(-99) + -3*(-2)/33. Let j(c) = c**3 - 13*c**2 - 11*c - 29. What is the remainder when 88 is divided by j(t)?
10
Let s = 992 + -976. What is the remainder when 92 is divided by s?
12
Let g(a) = -12*a + 1. Suppose 0*t = -t - 3. Let m = -20 - -30. Calculate the remainder when g(t) is divided by m.
7
Let r(w) = -1 + w + 0*w**2 - 16*w**3 - 2*w + w**2. Let l = 199 + -151. What is the remainder when l is divided by r(-1)?
14
Suppose -7*y = -2*y - 10. Suppose 0 = -2*x - 0*x - 4*i + 94, -y*i = 4*x - 176. Calculate the remainder when x is divided by 0/(-1) + 9*1.
7
Let i = -70 - -72. Suppose i*l + 40 = -3*n + 7*n, -44 = -4*n + 3*l. Calculate the remainder when 23 is divided by n.
7
Suppose 2*g + 2*g - 31 = y, g + y - 4 = 0. Suppose -7*z = -238 - g. Suppose -r - 4*i = -2*i - 7, 5*i = 5*r - 50. Calculate the remainder when z is divided by r.
8
Let s(b) = 3*b + 110. What is the remainder when 92 is divided by s(-26)?
28
Suppose 16*p - 117 = 523. What is the remainder when 155 is divided by p?
35
Suppose 3*c + 16 = -2*l, l + 8 = -2*c + 1. Let y = l + 22. What is the remainder when y is divided by 7?
4
Suppose 0*c = 5*c. Suppose -3*w + 45 + c = 0. Calculate the remainder when 58 - (2 + ((-2)/1 - 1)) is divided by w.
14
What is the remainder when (-1)/((-804)/(-204) - 4) is divided by 4?
1
Suppose -5*g + 5*x + 11 + 379 = 0, 0 = -4*g - 2*x + 300. Suppose -g = -3*b - b. What is the remainder when b is divided by 5?
4
What is the remainder when 6 is divided by (-1)/(-5) - (-12)/(-60)*-29?
0
Calculate the remainder when ((-720)/63)/((20/(-28))/5) is divided by 18.
8
Let y = 7 - -77. Suppose i = 5*i - q - 137, 3*i = -3*q + y. Calculate the remainder when i is divided by 12.
9
Suppose 2*v - 144 = 278. What is the remainder when v is divided by 27?
22
Let q(l) = -9*l**2 + 92*l + 30. Calculate the remainder when q(9) is divided by 33.
30
Let u be 88 - (2 + 2 - 4). Calculate the remainder when (u/(-2))/(-1)*24/32 is divided by 17.
16
Let b(h) = -h**2 + h + 8. Suppose 2*z - 2 = u, -2*u - 1 = -2*z + 1. Suppose -12*y = -7*y - 5, -y - 2 = -a. Calculate the remainder when b(u) is divided by a.
2
Suppose -6*d + 5*d = -84. Calculate the remainder when d is divided by -5 + (-309)/(-9) - 2/6.
26
Let l(f) = -8*f + 3. Let s(t) = -105*t + 40. Let b(a) = -40*l(a) + 3*s(a). What is the remainder when 97 is divided by b(4)?
17
Let x be (9/(-6))/(3/(-2)). Let k = 7 - x. Let c(l) = 2*l**2 - 2*l + 3. What is the remainder when c(k) is divided by 22?
19
Calculate the remainder when ((-28254)/(-8) - 1) + (-45)/(-36) is divided by 38.
36
Let p = 261 + -391. Let z = p + 141. Calculate the remainder when 98 is divided by z.
10
Let s be 14*3 + (-6)/(-2). Suppose -2*y - s = -5*z + 2*y, 15 = -3*y. What is the remainder when 9 is divided by z?
4
Let p = -152 + 177. Calculate the remainder when p is divided by 16.
9
Suppose -2*i - z + 200 = -0*z, 4*z - 86 = -i. Let u = i + -89. Calculate the remainder when 62 is divided by u.
10
Suppose 6*j = 2*j + 252. Let n be (1 + 2)*(4 + -3). Suppose -q - 3*q - j = -n*x, -2*q = 5*x - 131. Calculate the remainder when 48 is divided by x.
23
Suppose -5*c - 63 + 263 = 0. Let f(x) = -54*x - 546. What is the remainder when f(-13) is divided by c?
36
Suppose 3*h = -3*r - 0*h + 21, 4*r = 5*h - 17. Let d(o) = 5*o - 3. What is the remainder when 24 is divided by d(r)?
3
Let p(c) = -61*c - 12. What is the remainder when p(-2) is divided by 37?
36
Suppose -537 = -5*w - 2*s, -39 = -w + 5*s + 90. Calculate the remainder when w is divided by 22.
21
Let c = 365 + -270. Calculate the remainder when c is divided by 52.
43
Calculate the remainder when 1*(5 - (-81 - -5)) is divided by 6.
3
Let r = -24 - -36. Suppose 100 = -r*c + 17*c. Suppose 0 = 4*h - c - 48. What is the remainder when 49 is divided by h?
15
Suppose -18 = 7*p - 13*p. Calculate the remainder when 49 is divided by p.
1
Let t(k) = -k + 20. Let d be t(-10). Let x = d - 26. What is the remainder when 25 is divided by x?
1
Let q(c) = 3*c**2 + 3*c + 2. Let a(l) = -l - 3. Let p be a(-3). Suppose p*n = n + 3. Calculate the remainder when 77 is divided by q(n).
17
Let q(i) = i**2 + 15*i - 108. Calculate the remainder when 81 is divided by q(-23).
5
Let c = -23 + 2. Let r = 23 + c. Calculate the remainder when 7 is divided by r.
1
Calculate the remainder when (12/(-6) - -2) + 74 is divided by 38.
36
Let j = 977 + -922. What is the remainder when j is divided by 14?
13
Let l be (37 - (-5 + 3))/1. Suppose -4*t + g + 248 = 0, -t - g = -23 - l. Let s = -37 + t. Calculate the remainder when s is divided by 7.
4
Suppose 7*b - 233 - 33 = 0. What is the remainder when 109 is divided by b?
33
Suppose -8*v + 22 + 594 = 0. Calculate the remainder when 91 is divided by v.
14
Suppose 30*n - 26*n = 76. Let f = 6 - 10. Calculate the remainder when (-12)/8 + (-374)/f is divided by n.
16
Let l = 459 - 392. Calculate the remainder when l is divided by 5.
2
Suppose 69*q - 64*q - 10 = 0. Suppose 4*o = o - d + 43, -o + 16 = q*d. Calculate the remainder when 45 is divided by o.
3
Calculate the remainder when (2750/15)/22*3*5 is divided by 10.
5
Let a(p) = 2*p + 4. Let j be a(4). Let t = 22 - j. Calculate the remainder when 58 is divided by t.
8
Let b = 59 + -52. Suppose 10*d = b*d + 63. Calculate the remainder when 144 is divided by d.
18
Let s = -24230 - -24362. Let c = 28 - -6. What is the remainder when s is divided by c?
30
Suppose 0 = 4*j + t - 788, 6*t - 2*t - 408 = -2*j. What is the remainder when j is divided by 18?
16
Suppose -12 = -3*y + 3. Suppose 3*a - 5*j = 1, -3*a + 4 + 7 = y*j. Suppose -6 = -a*n + 40. What is the remainder when n is divided by 12?
11
Let h(r) = -2*r**3 - r**2 - 5*r + 3. Let y be h(3). Let a = 106 + y. Calculate the remainder when a is divided by 11.
9
Let i(w) = -w**2 + 16*w - 1. Let k(c) = -c + 1. Let h(m) = -i(m) - 4*k(m). Calculate the remainder when 167 is divided by h(15).
41
Let i = 42 - -63. Suppose i = 9*s - 4*s. Let h = 15 + s. Calculate the remainder when h is divided by 13.
10
Calculate the remainder when 138/1 - (-70)/(-7) is divided by 21.
2
Suppose -260 = -2*o - 2*o. Suppose 3*s + s = -164. Let t = s + o. Calculate the remainder when 46 is divided by t.
22
Let r(p) = 5*p**2 + 23*p - 5. Let n(h) = -h + 2. Calculate the remainder when r(-6) is divided by n(-8).
7
Let m(f) = -2*f**3 - 2*f**2 - 31*f - 44. What is the remainder when m(-6) is divided by 63?
61
Let i = -622 + 754. What is the remainder when i is divided by 41?
9
Suppose -3*s - 3 = -2*s, 5*s + 15 = -3*p. Suppose p = -4*f + 3 + 97. What is the remainder when f is divided by 45/(2 - -1) + -1?
11
Let s(j) = -j**3 - 5*j**2 - 5*j + 1. Let k be (45/(-20))/((-3)/(-8)). What is the remainder when s(k) is divided by 10?
7
Suppose 0 = -3*h + 35 + 205. Suppose -6*q + 10*q = h. Calculate 